 k(t) = t**3 - 31*t**2 - 196*t - 41. Is k(50) a prime number?
False
Let j(b) = 29*b - 17. Let u = 27 + -31. Let y be u/(-12) - (-23)/3. Is j(y) a composite number?
True
Let c(f) = 34540*f - 461. Is c(43) a composite number?
True
Let b = -408 + 138. Let c = b + 533. Is c a composite number?
False
Suppose 5*t + 7*j = 6*j + 1140159, t - 4*j = 228015. Is t prime?
False
Is -3 + 376/120 + (-3492656)/(-30) a composite number?
True
Suppose 0 = -3*t - s + 127120, 0*s + 3*s = 3. Suppose -3*f + 24954 = -5*g - 17414, 3*f - t = 4*g. Suppose -13*h = -0*h - f. Is h composite?
False
Let b = -87382 + 311251. Is b composite?
True
Let l = 396 + -164. Let d = -344 + l. Is (d/(-6) + 1)*3 a composite number?
False
Let f(g) = 12*g - 31. Let i be f(3). Suppose -3*u + 617 = 4*d, 3*u - i*d - 783 + 130 = 0. Is u a prime number?
True
Suppose -202857 + 1222511 = 3*q + g, 4*g + 339915 = q. Is q a composite number?
False
Let c(g) = -46305*g - 3259. Is c(-10) prime?
True
Suppose -4*s = -d - 65 - 3, 0 = -3*s - d + 51. Suppose 22*y = s*y + 2245. Is y composite?
False
Let x = 177 + -172. Suppose x*z - 15693 = -4*p + 10632, 2*z - 2*p = 10512. Is z a prime number?
True
Let g = -83458 - -248369. Is g a composite number?
False
Is 5/2*4504332/210 - 0 a prime number?
True
Let l be 6/(-12)*(1 + -1). Suppose -5*p + l*p = -70. Suppose -p*t + 5965 = -9*t. Is t prime?
True
Let p(m) = -26642*m + 41. Is p(-3) a composite number?
False
Is (-200776)/(-16)*(3 - 1) + (-1 - -1) prime?
True
Let u(w) = -5*w**3 - 27*w**2 + 5*w - 52. Let p be u(-12). Suppose 3*d + 5*f - 9768 = -2815, 0 = 2*d + f - p. Is d a composite number?
True
Let k be -5 + 6 - (-22581)/((-9)/(-3)). Suppose 5*q + k = 1283. Let y = 212 - q. Is y a prime number?
False
Suppose -3*q - 1336 = -1327. Let t(x) = -226*x**3 - 4*x**2 - 8*x - 16. Is t(q) prime?
False
Let b = 22004 + 227206. Suppose -2*g + 81915 = 5*a - 17754, -5*g - 5*a + b = 0. Is g a prime number?
False
Let q = 49 + -45. Suppose -q*v + 1993 = -855. Is (v/(-40))/(2/(-10)) a composite number?
False
Let g(x) be the second derivative of -x**5/10 + x**4/12 + x**3/6 + x**2/2 - 31*x. Let w be g(-1). Is 7560 - (8 - w - 4) prime?
True
Suppose 5*b - j + 86 + 294 = 0, -3*b + 3*j - 216 = 0. Let n = b - -72. Is -3*2245/(n - 0) prime?
False
Suppose 7 - 27 = -10*p. Suppose -4*v = -4*l + 20, 5*l + 10 = -p*v - 0*l. Is 1 + 1923 + v + 2 a prime number?
False
Suppose 10 = 2*c - 14. Let q be (3/(-12))/(((-5)/c)/5). Suppose 3*b = -18 + 6, 0 = q*s + 2*b - 169. Is s a composite number?
False
Suppose 2*o = -2*j + 1097898, -315053 + 1961892 = 3*o + 5*j. Is o prime?
True
Let l(q) = 988*q**2 - 34*q + 129. Is l(-16) composite?
False
Suppose 4*r + 49030 = 16*p - 14*p, -5*p = 5*r - 122650. Suppose -6*w = -3*w + 4*m - 14711, 5*m - p = -5*w. Is w a prime number?
True
Let i be (4 + -2)/(3/8529). Let s = i - 715. Is s a composite number?
True
Suppose 3*c - l = 880200, -2*c + 535959 = -5*l - 50854. Is c composite?
False
Suppose p - u - 17689 = 14849, 227756 = 7*p + 3*u. Is p a prime number?
True
Let x = 12451 - 5172. Is x composite?
True
Is (-60)/48 + 2568324/16 prime?
False
Let l be 20/(-15)*18/(-8). Suppose j + 1 = l, 79 = c - j. Let z = 226 + c. Is z prime?
True
Let v(h) = 27*h**2 + 7*h + 1. Let a = 13 + -33. Let q = -25 - a. Is v(q) a prime number?
True
Suppose -4*j = 55 - 3735. Suppose 12*d = 7*d + j. Suppose -6*z + d = -2*z. Is z composite?
True
Suppose -4*y - 2*d - 3*d = -136, -3*y + 102 = 3*d. Let q = 3 + 0. Suppose -5*z + q*o + 11656 = 0, -2284 = -z + 5*o + y. Is z prime?
True
Let x(m) = 16*m**2 + 24*m + 131. Is x(27) prime?
False
Let a(f) be the second derivative of f**4/6 - 13*f**3/3 - f**2/2 - 2*f. Suppose 4*s + 5*p + 24 = 98, 3*s = 3*p + 69. Is a(s) a composite number?
True
Let p(b) be the first derivative of -23*b**4/2 + b**3 - b**2 - 26*b - 19. Is p(-5) a composite number?
True
Let s(p) = -p**2 + 10*p + 1. Let j be s(7). Let u be j*(-11 + 3)/(-1). Suppose v + 376 = 3*v - 2*f, v - 5*f - u = 0. Is v a prime number?
True
Let s(m) = 10*m**3 - 63*m**2 + 10*m + 8. Suppose -5*g = 5*x - 90, 19*g + 3*x = 20*g - 6. Is s(g) a prime number?
False
Let s(t) = -317*t - 59. Let z be s(-3). Let a = -407 + z. Is a a composite number?
True
Suppose -3*n = p - 13, -5*p = -3*n + 36 - 11. Let g be (-3 - (-8)/3)/(p/18). Suppose g*y = -5*z + 222, 0*z = -y - 4*z + 81. Is y composite?
True
Is (-2053835)/(-30) + (-1)/3 - 3/(-18) a composite number?
True
Let o(d) = d**2 - 12*d - 16. Let l be o(11). Let t(v) = 40*v**2 - 21*v + 172. Is t(l) a composite number?
True
Let t(d) be the first derivative of 5*d**3 - 16*d**2 + 37*d - 20. Is t(24) composite?
True
Let p be (-2)/6 + 12350/(-39). Let k = 696 + p. Is k composite?
False
Let k(y) = 951*y**2 - 2*y - 27. Suppose -4*n = 2*n + 24. Let x be k(n). Suppose 15165 = 5*u + 5*d, -5*u = d - 4*d - x. Is u prime?
True
Suppose -5*j - 25 = 0, 4*j + 390569 = 5*i - 169541. Is i a composite number?
True
Is ((-374)/(-11))/68 + 1252857/2 prime?
False
Let j = 9766 + -6129. Let p = j - 5671. Let f = p + 3935. Is f prime?
True
Let k(g) be the second derivative of 11*g**4/12 + 7*g**3/3 + 51*g**2 + 89*g. Is k(-5) a composite number?
False
Let i = 691906 + -493529. Is i a prime number?
True
Suppose -83*n - 6*n + 2001696 = 7*n. Is n composite?
True
Let i = 40 + -36. Suppose -3*f = 5*w - 17, w + i*f = -0*w. Is -3*(-75 + w) + (3 - 5) composite?
False
Suppose -4*t - 3*c + 408831 = 0, 3*t = -c + 268057 + 38565. Suppose -35*p + t = -32*p. Is 2/9 - (p/(-9))/7 composite?
False
Let g = -54467 + 35607. Suppose -8*x + 107882 = -147262. Let a = x + g. Is a a prime number?
True
Let t be 3/9 - (-14)/3. Suppose 3*w = t*w - 4434. Suppose -4*i + w = -3*x + 38, i = -2*x + 531. Is i a composite number?
False
Suppose 6*d + 62 + 4 = 0. Let p(z) = -z**3 - 22*z**2 + 3*z + 1. Let y be p(d). Let g = 4518 + y. Is g composite?
True
Let m(p) = 210*p + 1313. Let l be m(-8). Let d = 1010 - 1554. Let h = l - d. Is h a composite number?
True
Let g be 2270/((-15)/10 - 1/(-2)). Let z = 3047 - g. Is z prime?
False
Let p be (-25)/50*(-173)/2*4. Suppose o - 5*h - 64 = -2, 4*o = 5*h + p. Is o a prime number?
True
Let k(l) = 5*l**2 - 12*l + 20. Is k(-27) a composite number?
False
Let w = 14066 - 24816. Let x = -7203 - w. Is x composite?
False
Let n = -14 + 16. Suppose n*d = -5*m + 818, -m - 5*d = 2*m - 487. Let o = 1005 + m. Is o a composite number?
True
Suppose 2*g + 609 = 5*y, -g + 126 = -4*y + 5*y. Let k = y - -382. Is k a composite number?
True
Let w(b) = 5*b**3 + 36 - 15*b**2 + 5*b**3 - 4*b**3 - 17*b - 5*b**3. Let r be w(16). Is 114*(6/15)/(16/r) composite?
True
Let v be 37*36/8*(-68)/(-6). Suppose 0 = -3*q + 4*d + v, -6*q - d = -4*q - 1269. Is q a prime number?
False
Let i = -562 + 626. Suppose -505624 = 8*m - i*m. Is m composite?
False
Let p = 2276732 + -1228297. Is p a composite number?
True
Is (-30)/(-12) - (-494326)/28 a prime number?
True
Suppose 2*g = -5*z + 917, 0*g + 3*g = -z + 1356. Suppose 4*l + 4490 = 9*l + 4*b, -5*b = 0. Let x = l - g. Is x a prime number?
False
Suppose 3 = b - 2. Let u be 1/((88/(-11))/4)*-6. Suppose -u*z + 217 = -b. Is z composite?
True
Let v(c) be the first derivative of 16*c**4 - 8*c**3/3 + c**2/2 - 9*c - 182. Is v(4) prime?
False
Let f(g) = -180*g + 40*g - 24*g - 3 + 30. Is f(-11) a prime number?
True
Suppose 0 = 4*s + 4*z - 118536, 3*s - 138009 = 3*z - 49095. Let j = s + -12397. Is j a prime number?
True
Let j(x) be the third derivative of x**6/120 + 31*x**5/60 - 13*x**4/24 - 46*x**3/3 - 28*x**2 - 2. Is j(-29) a composite number?
True
Suppose 5 - 6 = l. Let b = -7 + l. Let d(v) = v**3 + 12*v**2 + 4*v + 13. Is d(b) a composite number?
True
Suppose 3*w + 5*l = 3527676, w - 351820 - 824070 = -l. Is w composite?
False
Suppose 5*f - s + 16639 = s, -9 = 3*s. Is (-13)/26*f*2 prime?
True
Let q be (-48)/(-32)*(-4)/(-2). Suppose -5*z = -q*y + 6377, -2*y + 5*z = 4*z - 4256. Is y a prime number?
True
Is ((-48)/144)/(2/984252*-2) composite?
False
Let k(n) = 348*n**2 + 43*n - 53. Is k(10) a prime number?
False
Let f = -269 - -152. Let c = f - -255. Suppose -s = -2*b - 3*s + c, 2*b - 3*s - 118 = 0. Is b a composite number?
True
Let u be 11 + -14 - -472*4. Let w = u + 162. Is w composite?
True
Let x(g) = -3371*g**3 + 16*g**2 + 106*g + 243. Is x(-6) prime?
False
Let a be -32 + (-3 - -2) - (-6 - -8). Let z b